{"id":112,"date":"2018-05-03T21:32:06","date_gmt":"2018-05-03T20:32:06","guid":{"rendered":"http:\/\/vyrnab.cz\/?page_id=112"},"modified":"2021-01-28T10:20:33","modified_gmt":"2021-01-28T09:20:33","slug":"112-2","status":"publish","type":"page","link":"https:\/\/vyrnab.cz\/?page_id=112","title":{"rendered":""},"content":{"rendered":"<h2 style=\"text-align: center;\">Plo\u0161n\u00fd materi\u00e1l LTD, DTD ,MDF<\/h2>\n<p><strong>LTD <\/strong>jsou d\u0159evot\u0159\u00edskov\u00e9 desky upraven\u00e9 povrchovou laminac\u00ed.<\/p>\n<p>Kr\u00e1tkodob\u011b odoln\u00e9 proti p\u016fsoben\u00ed vody, zv\u00fd\u0161en\u00e9 teplot\u011b a chemik\u00e1li\u00edm pou\u017e\u00edvan\u00fdm v dom\u00e1cnosti.<\/p>\n<p>Nejv\u00edce pou\u017e\u00edvan\u00fd materi\u00e1l d\u00edky sv\u00e9 nen\u00e1ro\u010dnosti,st\u00e1losti a cen\u011b.<\/p>\n<p>Po naform\u00e1tov\u00e1n\u00ed jsou viditeln\u00e9 a nam\u00e1han\u00e9 \u0159ezy zahranov\u00e1ny plastovou hranou v dekoru laminace.<\/p>\n<p>Hrany se dod\u00e1vaj\u00ed v r\u016fzn\u00fdch s\u00edl\u00e1ch dle pot\u0159eby a n\u00e1rok\u016f na funkci a celkov\u00fd vzhled.<\/p>\n<p>Bohu\u017eel jsou tyto hranovan\u00e9 \u010d\u00e1sti nejv\u00edce n\u00e1chyln\u00e9 na p\u0159\u00edm\u00ed kontakt s vodou a m\u016f\u017ee doj\u00edt k po\u0161kozen\u00ed.<\/p>\n<p>\u00a0<\/p>\n<p><strong>DTD<\/strong> je ozna\u010den\u00ed konstruk\u010dn\u00ed desky z d\u0159evn\u00edch t\u0159\u00edsek a pojiva.<\/p>\n<p>Surov\u00e9 desky se pou\u017e\u00edvaj\u00ed ve stavebnictv\u00ed, v na\u0161em p\u0159\u00edpad\u011b jsou desky polepen\u00e9 d\u0159evn\u00ed d\u00fdhou.<\/p>\n<p>Takto d\u00fdhovan\u00fd materi\u00e1l se pou\u017e\u00edv\u00e1 k tvorb\u011b n\u00e1bytkov\u00fdch d\u00edlc\u016f.<\/p>\n<p>N\u00e1bytek tak v\u011brn\u011b kop\u00edruje v\u00fdrobky z masivn\u00edho d\u0159eva.<\/p>\n<p>D\u00edlce po naform\u00e1tov\u00e1n\u00ed \u010dek\u00e1 d\u00fdhov\u00e1n\u00ed hran, p\u0159ebrou\u0161en\u00ed, lakov\u00e1n\u00ed\/ voskov\u00e1n\u00ed a p\u0159\u00edpadn\u00e1 pigmentace d\u0159eva.<\/p>\n<p>Oproti LTD jsou desky n\u00e1chyln\u00e9 na b\u011b\u017en\u00e9 dom\u00e1c\u00ed chemie a \u010dasem zm\u011bn\u00ed sv\u016fj odst\u00edn stejn\u011b jako d\u0159evo.<\/p>\n<p>Povrch se mus\u00ed udr\u017eovat le\u0161t\u011bnkou, p\u0159\u00edpadn\u011b o\u017eivujc\u00edm prost\u0159edkem na laky.<\/p>\n<p>\u00a0<\/p>\n<p><strong>MDF<\/strong> jsou d\u0159evovl\u00e1knit\u00e9 desky vyroben\u00e9 z vl\u00e1ken v\u011bt\u0161inou jehli\u010dnat\u00fdch d\u0159evin, pojen\u00fdch lepidlem za vysok\u00e9ho tlaku a teploty.<\/p>\n<p>Surov\u00e9 desky se po opracov\u00e1n\u00ed daj\u00ed nalakovat na po\u017eadovan\u00fd odst\u00edn.<\/p>\n<p>Vyr\u00e1b\u011bj\u00ed se i laminovan\u00e9, lakovan\u00e9 a d\u00fdhovan\u00e9.<\/p>\n<p>Vyu\u017eije se nejl\u00e9pe na tvarovan\u00fd nebo oh\u00fdban\u00fd n\u00e1bytek.<\/p>\n<p>\u00a0<\/p>\n\n\n<p><\/p>\n","protected":false},"excerpt":{"rendered":"<p>Plo\u0161n\u00fd materi\u00e1l LTD, DTD ,MDF LTD jsou d\u0159evot\u0159\u00edskov\u00e9 desky upraven\u00e9 povrchovou laminac\u00ed. Kr\u00e1tkodob\u011b odoln\u00e9 proti p\u016fsoben\u00ed vody, zv\u00fd\u0161en\u00e9 teplot\u011b a chemik\u00e1li\u00edm pou\u017e\u00edvan\u00fdm v dom\u00e1cnosti. Nejv\u00edce pou\u017e\u00edvan\u00fd materi\u00e1l d\u00edky sv\u00e9 nen\u00e1ro\u010dnosti,st\u00e1losti a cen\u011b. Po naform\u00e1tov\u00e1n\u00ed jsou viditeln\u00e9 a nam\u00e1han\u00e9 \u0159ezy zahranov\u00e1ny plastovou hranou v dekoru laminace. Hrany se dod\u00e1vaj\u00ed v r\u016fzn\u00fdch s\u00edl\u00e1ch dle pot\u0159eby a n\u00e1rok\u016f [&hellip;]<\/p>\n","protected":false},"author":1,"featured_media":0,"parent":0,"menu_order":0,"comment_status":"closed","ping_status":"closed","template":"","meta":[],"_links":{"self":[{"href":"https:\/\/vyrnab.cz\/index.php?rest_route=\/wp\/v2\/pages\/112"}],"collection":[{"href":"https:\/\/vyrnab.cz\/index.php?rest_route=\/wp\/v2\/pages"}],"about":[{"href":"https:\/\/vyrnab.cz\/index.php?rest_route=\/wp\/v2\/types\/page"}],"author":[{"embeddable":true,"href":"https:\/\/vyrnab.cz\/index.php?rest_route=\/wp\/v2\/users\/1"}],"replies":[{"embeddable":true,"href":"https:\/\/vyrnab.cz\/index.php?rest_route=%2Fwp%2Fv2%2Fcomments&post=112"}],"version-history":[{"count":6,"href":"https:\/\/vyrnab.cz\/index.php?rest_route=\/wp\/v2\/pages\/112\/revisions"}],"predecessor-version":[{"id":594,"href":"https:\/\/vyrnab.cz\/index.php?rest_route=\/wp\/v2\/pages\/112\/revisions\/594"}],"wp:attachment":[{"href":"https:\/\/vyrnab.cz\/index.php?rest_route=%2Fwp%2Fv2%2Fmedia&parent=112"}],"curies":[{"name":"wp","href":"https:\/\/api.w.org\/{rel}","templated":true}]}}