{"id":134,"date":"2020-01-20T17:16:52","date_gmt":"2020-01-20T16:16:52","guid":{"rendered":"http:\/\/vyrnab.cz\/?page_id=134"},"modified":"2021-04-26T08:24:06","modified_gmt":"2021-04-26T07:24:06","slug":"hlava","status":"publish","type":"page","link":"https:\/\/vyrnab.cz\/?page_id=134","title":{"rendered":"Katalogy"},"content":{"rendered":"\n<div class=\"wp-block-media-text alignwide is-stacked-on-mobile\"><figure class=\"wp-block-media-text__media\"><a href=\"http:\/\/vyrnab.cz\/wp-content\/uploads\/2021\/04\/drevotrust_uchytky-a-vesaky_katalog-2020.pdf\"><img loading=\"lazy\" width=\"400\" height=\"399\" src=\"http:\/\/vyrnab.cz\/wp-content\/uploads\/2020\/01\/drevotrust5e12df948c16e.jpg\" alt=\"\" class=\"wp-image-172 size-full\"\/><\/a><\/figure><div class=\"wp-block-media-text__content\">\n<p class=\"has-text-align-center has-large-font-size\">Katalog \u00fachyt\u016f a v\u011b\u0161\u00e1k\u016f 2020 spole\u010dnosti D\u0159evotrust<\/p>\n<\/div><\/div>\n\n\n\n<div class=\"wp-block-media-text alignwide has-media-on-the-right is-stacked-on-mobile\"><figure class=\"wp-block-media-text__media\"><a href=\"https:\/\/webshop.schachermayer.com\/cat\/cs-CZ\"><img loading=\"lazy\" width=\"348\" height=\"145\" src=\"http:\/\/vyrnab.cz\/wp-content\/uploads\/2020\/01\/index.jpg\" alt=\"\" class=\"wp-image-174 size-full\"\/><\/a><\/figure><div class=\"wp-block-media-text__content\">\n<p class=\"has-text-align-center has-large-font-size\">Kompletn\u00ed WEB-Katalog schachermayer<\/p>\n<\/div><\/div>\n\n\n\n<div class=\"wp-block-media-text alignwide is-stacked-on-mobile\"><figure class=\"wp-block-media-text__media\"><a href=\"http:\/\/vyrnab.cz\/wp-content\/uploads\/2021\/04\/katalog-schock_cz_2021.pdf\"><img loading=\"lazy\" width=\"623\" height=\"841\" src=\"http:\/\/vyrnab.cz\/wp-content\/uploads\/2021\/04\/Screenshot_2021-04-26-katalog-schock_cz_2021-pdf.png\" alt=\"\" class=\"wp-image-702 size-full\" srcset=\"https:\/\/vyrnab.cz\/wp-content\/uploads\/2021\/04\/Screenshot_2021-04-26-katalog-schock_cz_2021-pdf.png 623w, https:\/\/vyrnab.cz\/wp-content\/uploads\/2021\/04\/Screenshot_2021-04-26-katalog-schock_cz_2021-pdf-222x300.png 222w\" sizes=\"(max-width: 623px) 100vw, 623px\" \/><\/a><\/figure><div class=\"wp-block-media-text__content\">\n<p class=\"has-text-align-center has-large-font-size\">Katalog v\u00fdrobce d\u0159ez\u016f SCHOCK 2021<\/p>\n<\/div><\/div>\n\n\n\n<div class=\"wp-block-media-text alignwide has-media-on-the-right is-stacked-on-mobile\"><figure class=\"wp-block-media-text__media\"><a href=\"http:\/\/vyrnab.cz\/wp-content\/uploads\/2021\/01\/8830_CZ_brosch_VauthSagel_2021_web.pdf\"><img loading=\"lazy\" width=\"554\" height=\"785\" src=\"http:\/\/vyrnab.cz\/wp-content\/uploads\/2021\/01\/Vauth-sagel-2021.jpg\" alt=\"\" class=\"wp-image-566 size-full\" srcset=\"https:\/\/vyrnab.cz\/wp-content\/uploads\/2021\/01\/Vauth-sagel-2021.jpg 554w, https:\/\/vyrnab.cz\/wp-content\/uploads\/2021\/01\/Vauth-sagel-2021-212x300.jpg 212w\" sizes=\"(max-width: 554px) 100vw, 554px\" \/><\/a><\/figure><div class=\"wp-block-media-text__content\">\n<p class=\"has-text-align-center\"><a href=\"\"><\/a>Bro\u0159ura nejen kuchy\u0148sk\u00e9ho kov\u00e1n\u00ed v\u00fdrobce Vauth-Sagel pro rok 2021<\/p>\n<\/div><\/div>\n\n\n\n<div class=\"wp-block-media-text alignwide is-stacked-on-mobile\"><figure class=\"wp-block-media-text__media\"><a href=\"http:\/\/vyrnab.cz\/wp-content\/uploads\/2021\/01\/2020_brosch_Caressi_2021.pdf\"><img loading=\"lazy\" width=\"790\" height=\"832\" src=\"http:\/\/vyrnab.cz\/wp-content\/uploads\/2021\/01\/caressi-2021.jpg\" alt=\"\" class=\"wp-image-571 size-full\" srcset=\"https:\/\/vyrnab.cz\/wp-content\/uploads\/2021\/01\/caressi-2021.jpg 790w, https:\/\/vyrnab.cz\/wp-content\/uploads\/2021\/01\/caressi-2021-285x300.jpg 285w, https:\/\/vyrnab.cz\/wp-content\/uploads\/2021\/01\/caressi-2021-768x809.jpg 768w, https:\/\/vyrnab.cz\/wp-content\/uploads\/2021\/01\/caressi-2021-676x712.jpg 676w\" sizes=\"(max-width: 790px) 100vw, 790px\" \/><\/a><\/figure><div class=\"wp-block-media-text__content\">\n<p class=\"has-text-align-center has-large-font-size\">Kuchy\u0148sk\u00e9 d\u0159ezy a baterie CARESSI pro rok 2021<\/p>\n<\/div><\/div>\n\n\n\n<div class=\"wp-block-media-text alignwide has-media-on-the-right is-stacked-on-mobile\"><figure class=\"wp-block-media-text__media\"><a href=\"http:\/\/vyrnab.cz\/wp-content\/uploads\/2021\/01\/8830_Bodentrends_2021_CZ.pdf\"><img loading=\"lazy\" width=\"1024\" height=\"721\" src=\"http:\/\/vyrnab.cz\/wp-content\/uploads\/2021\/01\/podlahy-2021-1024x721.jpg\" alt=\"\" class=\"wp-image-572 size-full\" srcset=\"https:\/\/vyrnab.cz\/wp-content\/uploads\/2021\/01\/podlahy-2021-1024x721.jpg 1024w, https:\/\/vyrnab.cz\/wp-content\/uploads\/2021\/01\/podlahy-2021-300x211.jpg 300w, https:\/\/vyrnab.cz\/wp-content\/uploads\/2021\/01\/podlahy-2021-768x541.jpg 768w, https:\/\/vyrnab.cz\/wp-content\/uploads\/2021\/01\/podlahy-2021-676x476.jpg 676w, https:\/\/vyrnab.cz\/wp-content\/uploads\/2021\/01\/podlahy-2021.jpg 1120w\" sizes=\"(max-width: 1024px) 100vw, 1024px\" \/><\/a><\/figure><div class=\"wp-block-media-text__content\">\n<p class=\"has-text-align-center has-large-font-size\">Podlahov\u00e9 trendy pro rok 2021<\/p>\n<\/div><\/div>\n\n\n\n<div class=\"wp-block-media-text alignwide is-stacked-on-mobile\"><figure class=\"wp-block-media-text__media\"><a href=\"http:\/\/vyrnab.cz\/wp-content\/uploads\/2021\/03\/brosch_terasy_fasady_2022.pdf\"><img loading=\"lazy\" width=\"792\" height=\"834\" src=\"http:\/\/vyrnab.cz\/wp-content\/uploads\/2021\/03\/Screenshot_2021-03-17-brosch_terasy_fasady_2022-pdf.png\" alt=\"\" class=\"wp-image-633 size-full\" srcset=\"https:\/\/vyrnab.cz\/wp-content\/uploads\/2021\/03\/Screenshot_2021-03-17-brosch_terasy_fasady_2022-pdf.png 792w, https:\/\/vyrnab.cz\/wp-content\/uploads\/2021\/03\/Screenshot_2021-03-17-brosch_terasy_fasady_2022-pdf-285x300.png 285w, https:\/\/vyrnab.cz\/wp-content\/uploads\/2021\/03\/Screenshot_2021-03-17-brosch_terasy_fasady_2022-pdf-768x809.png 768w, https:\/\/vyrnab.cz\/wp-content\/uploads\/2021\/03\/Screenshot_2021-03-17-brosch_terasy_fasady_2022-pdf-676x712.png 676w\" sizes=\"(max-width: 792px) 100vw, 792px\" \/><\/a><\/figure><div class=\"wp-block-media-text__content\">\n<p class=\"has-large-font-size\">Katalog terasy a fad\u00e1dy<\/p>\n<\/div><\/div>\n\n\n\n<div class=\"wp-block-media-text alignwide has-media-on-the-right is-stacked-on-mobile\"><figure class=\"wp-block-media-text__media\"><a href=\"http:\/\/vyrnab.cz\/wp-content\/uploads\/2021\/03\/8830_CZ_brosch_Thyssenkrupp_2021_web.pdf\"><img loading=\"lazy\" width=\"796\" height=\"838\" src=\"http:\/\/vyrnab.cz\/wp-content\/uploads\/2021\/03\/Screenshot_2021-03-17-8830_CZ_brosch_Thyssenkrupp_2021_web-pdf.png\" alt=\"\" class=\"wp-image-641 size-full\" srcset=\"https:\/\/vyrnab.cz\/wp-content\/uploads\/2021\/03\/Screenshot_2021-03-17-8830_CZ_brosch_Thyssenkrupp_2021_web-pdf.png 796w, https:\/\/vyrnab.cz\/wp-content\/uploads\/2021\/03\/Screenshot_2021-03-17-8830_CZ_brosch_Thyssenkrupp_2021_web-pdf-285x300.png 285w, https:\/\/vyrnab.cz\/wp-content\/uploads\/2021\/03\/Screenshot_2021-03-17-8830_CZ_brosch_Thyssenkrupp_2021_web-pdf-768x809.png 768w, https:\/\/vyrnab.cz\/wp-content\/uploads\/2021\/03\/Screenshot_2021-03-17-8830_CZ_brosch_Thyssenkrupp_2021_web-pdf-676x712.png 676w\" sizes=\"(max-width: 796px) 100vw, 796px\" \/><\/a><\/figure><div class=\"wp-block-media-text__content\">\n<p class=\"has-text-align-center has-large-font-size\">Syst\u00e9m zast\u0159e\u0161en\u00ed thyssenkrupp syprotech<\/p>\n\n\n\n<p class=\"has-text-align-center\">Syst\u00e9m pro pr\u016fhledn\u00e9 krytiny<\/p>\n<\/div><\/div>\n\n\n\n<div class=\"wp-block-media-text alignwide is-stacked-on-mobile\"><figure class=\"wp-block-media-text__media\"><a href=\"http:\/\/vyrnab.cz\/wp-content\/uploads\/2021\/04\/Catalogs-CZ-Skl-da-ka-vestavn-2020-4-2021-1.pdf\"><img loading=\"lazy\" width=\"1024\" height=\"308\" src=\"http:\/\/vyrnab.cz\/wp-content\/uploads\/2021\/04\/skladackaintroimage-1-1024x308.jpg\" alt=\"\" class=\"wp-image-693 size-full\" srcset=\"https:\/\/vyrnab.cz\/wp-content\/uploads\/2021\/04\/skladackaintroimage-1-1024x308.jpg 1024w, https:\/\/vyrnab.cz\/wp-content\/uploads\/2021\/04\/skladackaintroimage-1-300x90.jpg 300w, https:\/\/vyrnab.cz\/wp-content\/uploads\/2021\/04\/skladackaintroimage-1-768x231.jpg 768w, https:\/\/vyrnab.cz\/wp-content\/uploads\/2021\/04\/skladackaintroimage-1-676x204.jpg 676w, https:\/\/vyrnab.cz\/wp-content\/uploads\/2021\/04\/skladackaintroimage-1.jpg 1478w\" sizes=\"(max-width: 1024px) 100vw, 1024px\" \/><\/a><\/figure><div class=\"wp-block-media-text__content\">\n<p class=\"has-text-align-center has-large-font-size\">Nab\u00eddka nejprod\u00e1van\u011bj\u0161\u00edch vestavn\u00fdch spot\u0159ebi\u010d\u016f v p\u0159ehledn\u00e9 bro\u017eurce.<\/p>\n<\/div><\/div>\n\n\n\n<div class=\"wp-block-media-text alignwide has-media-on-the-right is-stacked-on-mobile\"><figure class=\"wp-block-media-text__media\"><a href=\"http:\/\/vyrnab.cz\/wp-content\/uploads\/2021\/04\/Catalogs-CZ-VESTAVN-A-VOLN-STOJ-C-SPOT-EBI-E-2020-2021-pdf.pdf\"><img loading=\"lazy\" width=\"743\" height=\"1000\" src=\"http:\/\/vyrnab.cz\/wp-content\/uploads\/2021\/04\/kataslogintroimage-1.jpg\" alt=\"\" class=\"wp-image-694 size-full\" srcset=\"https:\/\/vyrnab.cz\/wp-content\/uploads\/2021\/04\/kataslogintroimage-1.jpg 743w, https:\/\/vyrnab.cz\/wp-content\/uploads\/2021\/04\/kataslogintroimage-1-223x300.jpg 223w, https:\/\/vyrnab.cz\/wp-content\/uploads\/2021\/04\/kataslogintroimage-1-676x910.jpg 676w\" sizes=\"(max-width: 743px) 100vw, 743px\" \/><\/a><\/figure><div class=\"wp-block-media-text__content\">\n<p class=\"has-text-align-center has-large-font-size\">Velk\u00fd katalog nab\u00eddky spole\u010dnosti Gorenje vestavn\u00fdch a voln\u011bstoj\u00edc\u00edch spot\u0159ebi\u010d\u016f.<\/p>\n<\/div><\/div>\n","protected":false},"excerpt":{"rendered":"<p>Katalog \u00fachyt\u016f a v\u011b\u0161\u00e1k\u016f 2020 spole\u010dnosti D\u0159evotrust Kompletn\u00ed WEB-Katalog schachermayer Katalog v\u00fdrobce d\u0159ez\u016f SCHOCK 2021 Bro\u0159ura nejen kuchy\u0148sk\u00e9ho kov\u00e1n\u00ed v\u00fdrobce Vauth-Sagel pro rok 2021 Kuchy\u0148sk\u00e9 d\u0159ezy a baterie CARESSI pro rok 2021 Podlahov\u00e9 trendy pro rok 2021 Katalog terasy a fad\u00e1dy Syst\u00e9m zast\u0159e\u0161en\u00ed thyssenkrupp syprotech Syst\u00e9m pro pr\u016fhledn\u00e9 krytiny Nab\u00eddka nejprod\u00e1van\u011bj\u0161\u00edch vestavn\u00fdch spot\u0159ebi\u010d\u016f v p\u0159ehledn\u00e9 [&hellip;]<\/p>\n","protected":false},"author":1,"featured_media":0,"parent":0,"menu_order":0,"comment_status":"closed","ping_status":"closed","template":"","meta":[],"_links":{"self":[{"href":"https:\/\/vyrnab.cz\/index.php?rest_route=\/wp\/v2\/pages\/134"}],"collection":[{"href":"https:\/\/vyrnab.cz\/index.php?rest_route=\/wp\/v2\/pages"}],"about":[{"href":"https:\/\/vyrnab.cz\/index.php?rest_route=\/wp\/v2\/types\/page"}],"author":[{"embeddable":true,"href":"https:\/\/vyrnab.cz\/index.php?rest_route=\/wp\/v2\/users\/1"}],"replies":[{"embeddable":true,"href":"https:\/\/vyrnab.cz\/index.php?rest_route=%2Fwp%2Fv2%2Fcomments&post=134"}],"version-history":[{"count":31,"href":"https:\/\/vyrnab.cz\/index.php?rest_route=\/wp\/v2\/pages\/134\/revisions"}],"predecessor-version":[{"id":704,"href":"https:\/\/vyrnab.cz\/index.php?rest_route=\/wp\/v2\/pages\/134\/revisions\/704"}],"wp:attachment":[{"href":"https:\/\/vyrnab.cz\/index.php?rest_route=%2Fwp%2Fv2%2Fmedia&parent=134"}],"curies":[{"name":"wp","href":"https:\/\/api.w.org\/{rel}","templated":true}]}}