{"id":23,"date":"2018-04-29T17:34:11","date_gmt":"2018-04-29T16:34:11","guid":{"rendered":"http:\/\/vyrnab.cz\/?page_id=23"},"modified":"2021-02-01T17:12:20","modified_gmt":"2021-02-01T16:12:20","slug":"pripravy-a-rady","status":"publish","type":"page","link":"https:\/\/vyrnab.cz\/?page_id=23","title":{"rendered":"P\u0159\u00edpravy a rady"},"content":{"rendered":"<p style=\"text-align: left;\"><strong><span style=\"color: #000000;\"><a style=\"color: #000000;\" href=\"http:\/\/vyrnab.cz\/?page_id=604\"><em>Jak se p\u0159ipravit na nov\u00fd n\u00e1bytek <span style=\"color: #333300;\">\u25b2\u2192zde\u2190\u25b2<\/span><\/em><\/a><\/span><br \/><\/strong><\/p>\n<p style=\"text-align: center;\">\u00a0<\/p>\n<p style=\"text-align: center;\">\u00a0<\/p>\n\n\n<p> Zde naleznete orienta\u010dn\u00ed ok\u00f3tov\u00e1n\u00ed v\u00fd\u0161ek kuchy\u0148sk\u00e9 linky a rozvod\u016f instalac\u00ed. <\/p>\n\n\n\n<figure class=\"wp-block-image size-large\"><img loading=\"lazy\" width=\"1485\" height=\"1050\" src=\"http:\/\/vyrnab.cz\/wp-content\/uploads\/2020\/01\/Vyvody-web-1.jpeg\" alt=\"\" class=\"wp-image-183\"\/><\/figure>\n","protected":false},"excerpt":{"rendered":"<p>Jak se p\u0159ipravit na nov\u00fd n\u00e1bytek \u25b2\u2192zde\u2190\u25b2 \u00a0 \u00a0 Zde naleznete orienta\u010dn\u00ed ok\u00f3tov\u00e1n\u00ed v\u00fd\u0161ek kuchy\u0148sk\u00e9 linky a rozvod\u016f instalac\u00ed.<\/p>\n","protected":false},"author":1,"featured_media":0,"parent":0,"menu_order":0,"comment_status":"closed","ping_status":"closed","template":"","meta":[],"_links":{"self":[{"href":"https:\/\/vyrnab.cz\/index.php?rest_route=\/wp\/v2\/pages\/23"}],"collection":[{"href":"https:\/\/vyrnab.cz\/index.php?rest_route=\/wp\/v2\/pages"}],"about":[{"href":"https:\/\/vyrnab.cz\/index.php?rest_route=\/wp\/v2\/types\/page"}],"author":[{"embeddable":true,"href":"https:\/\/vyrnab.cz\/index.php?rest_route=\/wp\/v2\/users\/1"}],"replies":[{"embeddable":true,"href":"https:\/\/vyrnab.cz\/index.php?rest_route=%2Fwp%2Fv2%2Fcomments&post=23"}],"version-history":[{"count":16,"href":"https:\/\/vyrnab.cz\/index.php?rest_route=\/wp\/v2\/pages\/23\/revisions"}],"predecessor-version":[{"id":607,"href":"https:\/\/vyrnab.cz\/index.php?rest_route=\/wp\/v2\/pages\/23\/revisions\/607"}],"wp:attachment":[{"href":"https:\/\/vyrnab.cz\/index.php?rest_route=%2Fwp%2Fv2%2Fmedia&parent=23"}],"curies":[{"name":"wp","href":"https:\/\/api.w.org\/{rel}","templated":true}]}}