{"id":485,"date":"2020-01-22T23:46:23","date_gmt":"2020-01-22T22:46:23","guid":{"rendered":"http:\/\/vyrnab.cz\/?page_id=485"},"modified":"2020-01-22T23:52:16","modified_gmt":"2020-01-22T22:52:16","slug":"sluzby-2","status":"publish","type":"page","link":"https:\/\/vyrnab.cz\/?page_id=485","title":{"rendered":"Slu\u017eby"},"content":{"rendered":"\n<p><a href=\"http:\/\/vyrnab.cz\/?page_id=22\">Slu\u017eby<\/a><\/p>\n\n\n\n<p><a href=\"http:\/\/vyrnab.cz\/?page_id=121\">VDS online<\/a><\/p>\n\n\n\n<p><a href=\"http:\/\/vyrnab.cz\/?page_id=23\">P\u0159\u00edpravy a rady<\/a><\/p>\n","protected":false},"excerpt":{"rendered":"<p>Slu\u017eby VDS online P\u0159\u00edpravy a rady<\/p>\n","protected":false},"author":1,"featured_media":0,"parent":0,"menu_order":0,"comment_status":"closed","ping_status":"closed","template":"","meta":[],"_links":{"self":[{"href":"https:\/\/vyrnab.cz\/index.php?rest_route=\/wp\/v2\/pages\/485"}],"collection":[{"href":"https:\/\/vyrnab.cz\/index.php?rest_route=\/wp\/v2\/pages"}],"about":[{"href":"https:\/\/vyrnab.cz\/index.php?rest_route=\/wp\/v2\/types\/page"}],"author":[{"embeddable":true,"href":"https:\/\/vyrnab.cz\/index.php?rest_route=\/wp\/v2\/users\/1"}],"replies":[{"embeddable":true,"href":"https:\/\/vyrnab.cz\/index.php?rest_route=%2Fwp%2Fv2%2Fcomments&post=485"}],"version-history":[{"count":4,"href":"https:\/\/vyrnab.cz\/index.php?rest_route=\/wp\/v2\/pages\/485\/revisions"}],"predecessor-version":[{"id":490,"href":"https:\/\/vyrnab.cz\/index.php?rest_route=\/wp\/v2\/pages\/485\/revisions\/490"}],"wp:attachment":[{"href":"https:\/\/vyrnab.cz\/index.php?rest_route=%2Fwp%2Fv2%2Fmedia&parent=485"}],"curies":[{"name":"wp","href":"https:\/\/api.w.org\/{rel}","templated":true}]}}