{"id":74,"date":"2018-04-29T22:40:33","date_gmt":"2018-04-29T21:40:33","guid":{"rendered":"http:\/\/vyrnab.cz\/?page_id=74"},"modified":"2022-07-25T10:31:53","modified_gmt":"2022-07-25T09:31:53","slug":"kontakty","status":"publish","type":"page","link":"https:\/\/vyrnab.cz\/?page_id=74","title":{"rendered":"Kontakty"},"content":{"rendered":"<p><span style=\"font-size: 20px; font-family: impact, sans-serif;\">Truhl\u00e1\u0159stv\u00ed Ji\u0159\u00ed Sou\u010dek<\/span><\/p>\n<p>Nasavrky 34 ,\u00a0 565 01 Choce\u0148.<\/p>\n<p>I\u010cO: 65678117<\/p>\n<p>DI\u010c: CZ6308241731<\/p>\n<p><span style=\"font-family: impact, sans-serif;\">Ji\u0159\u00ed Sou\u010dek<\/span><\/p>\n<p>Tel:731 487 206<\/p>\n<p>Email: soucek@vyrnab.cz<\/p>\n<p><a href=\"https:\/\/www.google.cz\/maps\/dir\/\/Nasavrky+34,+565+01+Nasavrky\/@50.0254437,16.2578436,17z\/data=!4m8!4m7!1m0!1m5!1m1!1s0x470de87a4209dcaf:0x21e9cec954404c3e!2m2!1d16.2600323!2d50.0254437\" target=\"_blank\" rel=\"noopener noreferrer\">Zobrazit na str\u00e1nk\u00e1ch Google Maps<\/a><\/p>\n\n\n<p>[wpgmza id=&#8221;1&#8243;]<\/p>\n","protected":false},"excerpt":{"rendered":"<p>Truhl\u00e1\u0159stv\u00ed Ji\u0159\u00ed Sou\u010dek Nasavrky 34 ,\u00a0 565 01 Choce\u0148. I\u010cO: 65678117 DI\u010c: CZ6308241731 Ji\u0159\u00ed Sou\u010dek Tel:731 487 206 Email: soucek@vyrnab.cz Zobrazit na str\u00e1nk\u00e1ch Google Maps [wpgmza id=&#8221;1&#8243;]<\/p>\n","protected":false},"author":1,"featured_media":0,"parent":0,"menu_order":0,"comment_status":"closed","ping_status":"closed","template":"","meta":[],"_links":{"self":[{"href":"https:\/\/vyrnab.cz\/index.php?rest_route=\/wp\/v2\/pages\/74"}],"collection":[{"href":"https:\/\/vyrnab.cz\/index.php?rest_route=\/wp\/v2\/pages"}],"about":[{"href":"https:\/\/vyrnab.cz\/index.php?rest_route=\/wp\/v2\/types\/page"}],"author":[{"embeddable":true,"href":"https:\/\/vyrnab.cz\/index.php?rest_route=\/wp\/v2\/users\/1"}],"replies":[{"embeddable":true,"href":"https:\/\/vyrnab.cz\/index.php?rest_route=%2Fwp%2Fv2%2Fcomments&post=74"}],"version-history":[{"count":17,"href":"https:\/\/vyrnab.cz\/index.php?rest_route=\/wp\/v2\/pages\/74\/revisions"}],"predecessor-version":[{"id":728,"href":"https:\/\/vyrnab.cz\/index.php?rest_route=\/wp\/v2\/pages\/74\/revisions\/728"}],"wp:attachment":[{"href":"https:\/\/vyrnab.cz\/index.php?rest_route=%2Fwp%2Fv2%2Fmedia&parent=74"}],"curies":[{"name":"wp","href":"https:\/\/api.w.org\/{rel}","templated":true}]}}